{"id":2840,"date":"2024-04-11T14:42:33","date_gmt":"2024-04-11T17:42:33","guid":{"rendered":"https:\/\/angustiasdamaturidade.com.br\/?page_id=2840"},"modified":"2024-06-05T07:47:02","modified_gmt":"2024-06-05T10:47:02","slug":"etarismo-nas-montanhas-do-tour-de-france","status":"publish","type":"page","link":"https:\/\/angustiasdamaturidade.com.br\/?page_id=2840","title":{"rendered":"Etarismo nas Montanhas do Tour de France"},"content":{"rendered":"\t\t<div data-elementor-type=\"wp-page\" data-elementor-id=\"2840\" class=\"elementor elementor-2840\">\n\t\t\t\t<div class=\"elementor-element elementor-element-3914587 e-flex e-con-boxed e-con e-parent\" data-id=\"3914587\" data-element_type=\"container\" data-e-type=\"container\">\n\t\t\t\t\t<div class=\"e-con-inner\">\n\t\t\t\t<div class=\"elementor-element elementor-element-159509b elementor-widget elementor-widget-text-editor\" data-id=\"159509b\" data-element_type=\"widget\" data-e-type=\"widget\" data-widget_type=\"text-editor.default\">\n\t\t\t\t<div class=\"elementor-widget-container\">\n\t\t\t\t\t\t\t\t\t<p>Aqui falaremos sobre o nosso projeto de percorrer as montanhas do Tour de France de bicicleta. Ser\u00e3o em torno de 2000km a serem realizados em aproximadamente 3 a 4 semanas<\/p>\t\t\t\t\t\t\t\t<\/div>\n\t\t\t\t<\/div>\n\t\t\t\t\t<\/div>\n\t\t\t\t<\/div>\n\t\t<div class=\"elementor-element elementor-element-a6b8658 e-flex e-con-boxed e-con e-parent\" data-id=\"a6b8658\" data-element_type=\"container\" data-e-type=\"container\">\n\t\t\t\t\t<div class=\"e-con-inner\">\n\t\t\t\t<div class=\"elementor-element elementor-element-2358dd0 elementor-widget elementor-widget-text-editor\" data-id=\"2358dd0\" data-element_type=\"widget\" data-e-type=\"widget\" data-widget_type=\"text-editor.default\">\n\t\t\t\t<div class=\"elementor-widget-container\">\n\t\t\t\t\t\t\t\t\t<p>Esse projeto come\u00e7a dia 16 de junho de 2024 saindo de SP e indo para San Sebastian na Espanha, me hospedo em Irun (mais ou menos 20km de dist\u00e2ncia que est\u00e1 na divisa com a cidade de Hendaye na Fran\u00e7a , mais ou menos 2km. Dia 17 de junho inicio a pedalada indo de Irun na dire\u00e7\u00e3o de Col du Soudet distante uns 148km, como envolve essa montanha \u00e1rdua de aproximadamente 1525 metros de altitude numa dist\u00e2ncia de 21,5km<\/p>\t\t\t\t\t\t\t\t<\/div>\n\t\t\t\t<\/div>\n\t\t\t\t\t<\/div>\n\t\t\t\t<\/div>\n\t\t\t\t<\/div>\n\t\t","protected":false},"excerpt":{"rendered":"<p>Aqui falaremos sobre o nosso projeto de percorrer as montanhas do Tour de France de bicicleta. Ser\u00e3o em torno de 2000km a serem realizados em aproximadamente 3 a 4 semanas Esse projeto come\u00e7a dia 16 de junho de 2024 saindo de SP e indo para San Sebastian na Espanha, me hospedo em Irun (mais ou &hellip; <\/p>\n<p class=\"link-more\"><a href=\"https:\/\/angustiasdamaturidade.com.br\/?page_id=2840\" class=\"more-link\">Continue lendo<span class=\"screen-reader-text\"> &#8220;Etarismo nas Montanhas do Tour de France&#8221;<\/span><\/a><\/p>\n","protected":false},"author":1,"featured_media":0,"parent":0,"menu_order":0,"comment_status":"closed","ping_status":"closed","template":"","meta":{"footnotes":""},"class_list":["post-2840","page","type-page","status-publish","hentry"],"_links":{"self":[{"href":"https:\/\/angustiasdamaturidade.com.br\/index.php?rest_route=\/wp\/v2\/pages\/2840","targetHints":{"allow":["GET"]}}],"collection":[{"href":"https:\/\/angustiasdamaturidade.com.br\/index.php?rest_route=\/wp\/v2\/pages"}],"about":[{"href":"https:\/\/angustiasdamaturidade.com.br\/index.php?rest_route=\/wp\/v2\/types\/page"}],"author":[{"embeddable":true,"href":"https:\/\/angustiasdamaturidade.com.br\/index.php?rest_route=\/wp\/v2\/users\/1"}],"replies":[{"embeddable":true,"href":"https:\/\/angustiasdamaturidade.com.br\/index.php?rest_route=%2Fwp%2Fv2%2Fcomments&post=2840"}],"version-history":[{"count":7,"href":"https:\/\/angustiasdamaturidade.com.br\/index.php?rest_route=\/wp\/v2\/pages\/2840\/revisions"}],"predecessor-version":[{"id":3195,"href":"https:\/\/angustiasdamaturidade.com.br\/index.php?rest_route=\/wp\/v2\/pages\/2840\/revisions\/3195"}],"wp:attachment":[{"href":"https:\/\/angustiasdamaturidade.com.br\/index.php?rest_route=%2Fwp%2Fv2%2Fmedia&parent=2840"}],"curies":[{"name":"wp","href":"https:\/\/api.w.org\/{rel}","templated":true}]}}