{"id":2705,"date":"2023-03-28T15:58:26","date_gmt":"2023-03-28T18:58:26","guid":{"rendered":"https:\/\/angustiasdamaturidade.com.br\/?page_id=2705"},"modified":"2023-03-28T16:52:18","modified_gmt":"2023-03-28T19:52:18","slug":"etarismo-idadismo-ou-ageism-ingles","status":"publish","type":"page","link":"https:\/\/angustiasdamaturidade.com.br\/?page_id=2705","title":{"rendered":"Etarismo, Idadismo ou Ageism (ingles)"},"content":{"rendered":"\t\t<div data-elementor-type=\"wp-page\" data-elementor-id=\"2705\" class=\"elementor elementor-2705\">\n\t\t\t\t<div class=\"elementor-element elementor-element-11c888c e-flex e-con-boxed e-con e-parent\" data-id=\"11c888c\" data-element_type=\"container\" data-e-type=\"container\">\n\t\t\t\t\t<div class=\"e-con-inner\">\n\t\t\t\t<div class=\"elementor-element elementor-element-23c1afd elementor-widget elementor-widget-image\" data-id=\"23c1afd\" data-element_type=\"widget\" data-e-type=\"widget\" data-widget_type=\"image.default\">\n\t\t\t\t<div class=\"elementor-widget-container\">\n\t\t\t\t\t\t\t\t\t\t\t\t\t\t\t<img fetchpriority=\"high\" decoding=\"async\" width=\"300\" height=\"300\" src=\"https:\/\/angustiasdamaturidade.com.br\/wp-content\/uploads\/2023\/03\/logo-do-angustias-300x300.jpeg\" class=\"attachment-medium size-medium wp-image-2712\" alt=\"\" srcset=\"https:\/\/angustiasdamaturidade.com.br\/wp-content\/uploads\/2023\/03\/logo-do-angustias-300x300.jpeg 300w, https:\/\/angustiasdamaturidade.com.br\/wp-content\/uploads\/2023\/03\/logo-do-angustias-250x250.jpeg 250w, https:\/\/angustiasdamaturidade.com.br\/wp-content\/uploads\/2023\/03\/logo-do-angustias-100x100.jpeg 100w, https:\/\/angustiasdamaturidade.com.br\/wp-content\/uploads\/2023\/03\/logo-do-angustias-350x350.jpeg 350w, https:\/\/angustiasdamaturidade.com.br\/wp-content\/uploads\/2023\/03\/logo-do-angustias-150x150.jpeg 150w, https:\/\/angustiasdamaturidade.com.br\/wp-content\/uploads\/2023\/03\/logo-do-angustias.jpeg 500w\" sizes=\"100vw\" \/>\t\t\t\t\t\t\t\t\t\t\t\t\t\t\t<\/div>\n\t\t\t\t<\/div>\n\t\t\t\t\t<\/div>\n\t\t\t\t<\/div>\n\t\t<div class=\"elementor-element elementor-element-d469b46 e-flex e-con-boxed e-con e-parent\" data-id=\"d469b46\" data-element_type=\"container\" data-e-type=\"container\">\n\t\t\t\t\t<div class=\"e-con-inner\">\n\t\t<div class=\"elementor-element elementor-element-7f9d5bc e-con-full e-flex e-con e-parent\" data-id=\"7f9d5bc\" data-element_type=\"container\" data-e-type=\"container\">\n\t\t\t\t<div class=\"elementor-element elementor-element-0c93c5e elementor-widget elementor-widget-text-editor\" data-id=\"0c93c5e\" data-element_type=\"widget\" data-e-type=\"widget\" data-widget_type=\"text-editor.default\">\n\t\t\t\t<div class=\"elementor-widget-container\">\n\t\t\t\t\t\t\t\t\t<p>Etarismo se refere a como <span style=\"color: #0000ff;\">pensamos<\/span> (criando estere\u00f3tipos), <span style=\"color: #0000ff;\">sentimos<\/span> (preconceito) e <span style=\"color: #0000ff;\">agimos<\/span> (discriminamos) considerando a idade da pessoa em rela\u00e7\u00e3o aos outros e n\u00f3s mesmos.<\/p>\t\t\t\t\t\t\t\t<\/div>\n\t\t\t\t<\/div>\n\t\t\t\t<\/div>\n\t\t<div class=\"elementor-element elementor-element-d70c72f e-con-full e-flex e-con e-parent\" data-id=\"d70c72f\" data-element_type=\"container\" data-e-type=\"container\">\n\t\t\t\t<div class=\"elementor-element elementor-element-0eee941 elementor-widget elementor-widget-image\" data-id=\"0eee941\" data-element_type=\"widget\" data-e-type=\"widget\" data-widget_type=\"image.default\">\n\t\t\t\t<div class=\"elementor-widget-container\">\n\t\t\t\t\t\t\t\t\t\t\t\t\t\t\t<img decoding=\"async\" width=\"740\" height=\"740\" src=\"https:\/\/angustiasdamaturidade.com.br\/wp-content\/uploads\/2023\/03\/logoangustias-1024x1024.jpeg\" class=\"attachment-large size-large wp-image-2719\" alt=\"\" srcset=\"https:\/\/angustiasdamaturidade.com.br\/wp-content\/uploads\/2023\/03\/logoangustias.jpeg 1024w, https:\/\/angustiasdamaturidade.com.br\/wp-content\/uploads\/2023\/03\/logoangustias-250x250.jpeg 250w, https:\/\/angustiasdamaturidade.com.br\/wp-content\/uploads\/2023\/03\/logoangustias-100x100.jpeg 100w, https:\/\/angustiasdamaturidade.com.br\/wp-content\/uploads\/2023\/03\/logoangustias-350x350.jpeg 350w, https:\/\/angustiasdamaturidade.com.br\/wp-content\/uploads\/2023\/03\/logoangustias-300x300.jpeg 300w, https:\/\/angustiasdamaturidade.com.br\/wp-content\/uploads\/2023\/03\/logoangustias-150x150.jpeg 150w, https:\/\/angustiasdamaturidade.com.br\/wp-content\/uploads\/2023\/03\/logoangustias-768x768.jpeg 768w\" sizes=\"100vw\" \/>\t\t\t\t\t\t\t\t\t\t\t\t\t\t\t<\/div>\n\t\t\t\t<\/div>\n\t\t\t\t<\/div>\n\t\t\t\t\t<\/div>\n\t\t\t\t<\/div>\n\t\t<div class=\"elementor-element elementor-element-b349651 e-flex e-con-boxed e-con e-parent\" data-id=\"b349651\" data-element_type=\"container\" data-e-type=\"container\">\n\t\t\t\t\t<div class=\"e-con-inner\">\n\t\t<div class=\"elementor-element elementor-element-52e98b1 e-con-full e-flex e-con e-parent\" data-id=\"52e98b1\" data-element_type=\"container\" data-e-type=\"container\">\n\t\t\t\t<div class=\"elementor-element elementor-element-8f24d4d elementor-widget elementor-widget-text-editor\" data-id=\"8f24d4d\" data-element_type=\"widget\" data-e-type=\"widget\" data-widget_type=\"text-editor.default\">\n\t\t\t\t<div class=\"elementor-widget-container\">\n\t\t\t\t\t\t\t\t\t<p>Afeta pessoas de todas as idades. Todos s\u00e3o percebidos pela idade, sejam <span style=\"color: #0000ff;\">jovens<\/span>, <span style=\"color: #0000ff;\">velhos<\/span>, <span style=\"color: #0000ff;\">adolescentes<\/span><\/p>\t\t\t\t\t\t\t\t<\/div>\n\t\t\t\t<\/div>\n\t\t\t\t<\/div>\n\t\t<div class=\"elementor-element elementor-element-308b31a e-con-full e-flex e-con e-parent\" data-id=\"308b31a\" data-element_type=\"container\" data-e-type=\"container\">\n\t\t\t\t<div class=\"elementor-element elementor-element-d7a135a elementor-widget elementor-widget-image\" data-id=\"d7a135a\" data-element_type=\"widget\" data-e-type=\"widget\" data-widget_type=\"image.default\">\n\t\t\t\t<div class=\"elementor-widget-container\">\n\t\t\t\t\t\t\t\t\t\t\t\t\t\t\t<img decoding=\"async\" width=\"687\" height=\"696\" src=\"https:\/\/angustiasdamaturidade.com.br\/wp-content\/uploads\/2023\/03\/classes-etarias.jpeg\" class=\"attachment-large size-large wp-image-2726\" alt=\"\" srcset=\"https:\/\/angustiasdamaturidade.com.br\/wp-content\/uploads\/2023\/03\/classes-etarias.jpeg 687w, https:\/\/angustiasdamaturidade.com.br\/wp-content\/uploads\/2023\/03\/classes-etarias-100x100.jpeg 100w, https:\/\/angustiasdamaturidade.com.br\/wp-content\/uploads\/2023\/03\/classes-etarias-350x355.jpeg 350w, https:\/\/angustiasdamaturidade.com.br\/wp-content\/uploads\/2023\/03\/classes-etarias-296x300.jpeg 296w\" sizes=\"100vw\" \/>\t\t\t\t\t\t\t\t\t\t\t\t\t\t\t<\/div>\n\t\t\t\t<\/div>\n\t\t\t\t<\/div>\n\t\t\t\t\t<\/div>\n\t\t\t\t<\/div>\n\t\t<div class=\"elementor-element elementor-element-b234197 e-flex e-con-boxed e-con e-parent\" data-id=\"b234197\" data-element_type=\"container\" data-e-type=\"container\">\n\t\t\t\t\t<div class=\"e-con-inner\">\n\t\t<div class=\"elementor-element elementor-element-0d642de e-con-full e-flex e-con e-parent\" data-id=\"0d642de\" data-element_type=\"container\" data-e-type=\"container\">\n\t\t\t\t<div class=\"elementor-element elementor-element-016ab1e elementor-widget elementor-widget-text-editor\" data-id=\"016ab1e\" data-element_type=\"widget\" data-e-type=\"widget\" data-widget_type=\"text-editor.default\">\n\t\t\t\t<div class=\"elementor-widget-container\">\n\t\t\t\t\t\t\t\t\t<p>Etarismo existe nas nossas <span style=\"color: #0000ff;\">institui\u00e7\u00f5es<\/span>, nossos <span style=\"color: #0000ff;\">relacionamentos<\/span> \u00a0e em <span style=\"color: #0000ff;\">n\u00f3s\u00a0 mesmos<\/span><\/p>\t\t\t\t\t\t\t\t<\/div>\n\t\t\t\t<\/div>\n\t\t\t\t<\/div>\n\t\t<div class=\"elementor-element elementor-element-0376bb7 e-con-full e-flex e-con e-parent\" data-id=\"0376bb7\" data-element_type=\"container\" data-e-type=\"container\">\n\t\t\t\t<div class=\"elementor-element elementor-element-248a13f elementor-widget elementor-widget-image\" data-id=\"248a13f\" data-element_type=\"widget\" data-e-type=\"widget\" data-widget_type=\"image.default\">\n\t\t\t\t<div class=\"elementor-widget-container\">\n\t\t\t\t\t\t\t\t\t\t\t\t\t\t\t<img loading=\"lazy\" decoding=\"async\" width=\"740\" height=\"740\" src=\"https:\/\/angustiasdamaturidade.com.br\/wp-content\/uploads\/2023\/03\/relac\u0327o\u0303es-interpessoais-1024x1024.jpeg\" class=\"attachment-large size-large wp-image-2750\" alt=\"\" srcset=\"https:\/\/angustiasdamaturidade.com.br\/wp-content\/uploads\/2023\/03\/relac\u0327o\u0303es-interpessoais.jpeg 1024w, https:\/\/angustiasdamaturidade.com.br\/wp-content\/uploads\/2023\/03\/relac\u0327o\u0303es-interpessoais-250x250.jpeg 250w, https:\/\/angustiasdamaturidade.com.br\/wp-content\/uploads\/2023\/03\/relac\u0327o\u0303es-interpessoais-100x100.jpeg 100w, https:\/\/angustiasdamaturidade.com.br\/wp-content\/uploads\/2023\/03\/relac\u0327o\u0303es-interpessoais-350x350.jpeg 350w, https:\/\/angustiasdamaturidade.com.br\/wp-content\/uploads\/2023\/03\/relac\u0327o\u0303es-interpessoais-300x300.jpeg 300w, https:\/\/angustiasdamaturidade.com.br\/wp-content\/uploads\/2023\/03\/relac\u0327o\u0303es-interpessoais-150x150.jpeg 150w, https:\/\/angustiasdamaturidade.com.br\/wp-content\/uploads\/2023\/03\/relac\u0327o\u0303es-interpessoais-768x768.jpeg 768w\" sizes=\"100vw\" \/>\t\t\t\t\t\t\t\t\t\t\t\t\t\t\t<\/div>\n\t\t\t\t<\/div>\n\t\t\t\t<\/div>\n\t\t\t\t\t<\/div>\n\t\t\t\t<\/div>\n\t\t<div class=\"elementor-element elementor-element-da28e1c e-flex e-con-boxed e-con e-parent\" data-id=\"da28e1c\" data-element_type=\"container\" data-e-type=\"container\">\n\t\t\t\t\t<div class=\"e-con-inner\">\n\t\t<div class=\"elementor-element elementor-element-57a0bee e-con-full e-flex e-con e-parent\" data-id=\"57a0bee\" data-element_type=\"container\" data-e-type=\"container\">\n\t\t\t\t<div class=\"elementor-element elementor-element-80943b7 elementor-widget elementor-widget-text-editor\" data-id=\"80943b7\" data-element_type=\"widget\" data-e-type=\"widget\" data-widget_type=\"text-editor.default\">\n\t\t\t\t<div class=\"elementor-widget-container\">\n\t\t\t\t\t\t\t\t\t<p>Etarismo tem impactos de longo alcance em todos os <span style=\"color: #0000ff;\">aspectos da sa\u00fade<\/span> das pessoas<\/p>\t\t\t\t\t\t\t\t<\/div>\n\t\t\t\t<\/div>\n\t\t\t\t<\/div>\n\t\t<div class=\"elementor-element elementor-element-0f04970 e-con-full e-flex e-con e-parent\" data-id=\"0f04970\" data-element_type=\"container\" data-e-type=\"container\">\n\t\t\t\t<\/div>\n\t\t\t\t\t<\/div>\n\t\t\t\t<\/div>\n\t\t<div class=\"elementor-element elementor-element-47da48d e-flex e-con-boxed e-con e-parent\" data-id=\"47da48d\" data-element_type=\"container\" data-e-type=\"container\">\n\t\t\t\t\t<div class=\"e-con-inner\">\n\t\t<div class=\"elementor-element elementor-element-c37ffc3 e-con-full e-flex e-con e-parent\" data-id=\"c37ffc3\" data-element_type=\"container\" data-e-type=\"container\">\n\t\t\t\t<div class=\"elementor-element elementor-element-1cd906d elementor-widget elementor-widget-text-editor\" data-id=\"1cd906d\" data-element_type=\"widget\" data-e-type=\"widget\" data-widget_type=\"text-editor.default\">\n\t\t\t\t<div class=\"elementor-widget-container\">\n\t\t\t\t\t\t\t\t\t<p>Etarismo ultrapassa e <span style=\"color: #0000ff;\"><b>exacerba<\/b> <b>outras<\/b> <b>formas<\/b><b> de <\/b><b>desvantagens<\/b><\/span><\/p>\t\t\t\t\t\t\t\t<\/div>\n\t\t\t\t<\/div>\n\t\t\t\t<\/div>\n\t\t<div class=\"elementor-element elementor-element-c138188 e-con-full e-flex e-con e-parent\" data-id=\"c138188\" data-element_type=\"container\" data-e-type=\"container\">\n\t\t\t\t<\/div>\n\t\t\t\t\t<\/div>\n\t\t\t\t<\/div>\n\t\t<div class=\"elementor-element elementor-element-62a8015 e-flex e-con-boxed e-con e-parent\" data-id=\"62a8015\" data-element_type=\"container\" data-e-type=\"container\">\n\t\t\t\t\t<div class=\"e-con-inner\">\n\t\t<div class=\"elementor-element elementor-element-38a3d38 e-con-full e-flex e-con e-parent\" data-id=\"38a3d38\" data-element_type=\"container\" data-e-type=\"container\">\n\t\t\t\t<div class=\"elementor-element elementor-element-c33a440 elementor-widget elementor-widget-text-editor\" data-id=\"c33a440\" data-element_type=\"widget\" data-e-type=\"widget\" data-widget_type=\"text-editor.default\">\n\t\t\t\t<div class=\"elementor-widget-container\">\n\t\t\t\t\t\t\t\t\t<ul><li>Etarismo tem um <span style=\"color: #0000ff;\"><b>forte <\/b><b>impacto<\/b> <b>econ\u00f4mico<\/b><\/span> sobre os <b>indiv\u00edduos<\/b><b> e a <\/b><b>sociedade<\/b><\/li><\/ul>\t\t\t\t\t\t\t\t<\/div>\n\t\t\t\t<\/div>\n\t\t\t\t<\/div>\n\t\t<div class=\"elementor-element elementor-element-2f4f2ce e-con-full e-flex e-con e-parent\" data-id=\"2f4f2ce\" data-element_type=\"container\" data-e-type=\"container\">\n\t\t\t\t<\/div>\n\t\t\t\t\t<\/div>\n\t\t\t\t<\/div>\n\t\t\t\t<\/div>\n\t\t","protected":false},"excerpt":{"rendered":"<p>Etarismo se refere a como pensamos (criando estere\u00f3tipos), sentimos (preconceito) e agimos (discriminamos) considerando a idade da pessoa em rela\u00e7\u00e3o aos outros e n\u00f3s mesmos. Afeta pessoas de todas as idades. Todos s\u00e3o percebidos pela idade, sejam jovens, velhos, adolescentes Etarismo existe nas nossas institui\u00e7\u00f5es, nossos relacionamentos \u00a0e em n\u00f3s\u00a0 mesmos Etarismo tem impactos de &hellip; <\/p>\n<p class=\"link-more\"><a href=\"https:\/\/angustiasdamaturidade.com.br\/?page_id=2705\" class=\"more-link\">Continue lendo<span class=\"screen-reader-text\"> &#8220;Etarismo, Idadismo ou Ageism (ingles)&#8221;<\/span><\/a><\/p>\n","protected":false},"author":1,"featured_media":0,"parent":0,"menu_order":0,"comment_status":"closed","ping_status":"closed","template":"","meta":{"footnotes":""},"class_list":["post-2705","page","type-page","status-publish","hentry"],"_links":{"self":[{"href":"https:\/\/angustiasdamaturidade.com.br\/index.php?rest_route=\/wp\/v2\/pages\/2705","targetHints":{"allow":["GET"]}}],"collection":[{"href":"https:\/\/angustiasdamaturidade.com.br\/index.php?rest_route=\/wp\/v2\/pages"}],"about":[{"href":"https:\/\/angustiasdamaturidade.com.br\/index.php?rest_route=\/wp\/v2\/types\/page"}],"author":[{"embeddable":true,"href":"https:\/\/angustiasdamaturidade.com.br\/index.php?rest_route=\/wp\/v2\/users\/1"}],"replies":[{"embeddable":true,"href":"https:\/\/angustiasdamaturidade.com.br\/index.php?rest_route=%2Fwp%2Fv2%2Fcomments&post=2705"}],"version-history":[{"count":38,"href":"https:\/\/angustiasdamaturidade.com.br\/index.php?rest_route=\/wp\/v2\/pages\/2705\/revisions"}],"predecessor-version":[{"id":2753,"href":"https:\/\/angustiasdamaturidade.com.br\/index.php?rest_route=\/wp\/v2\/pages\/2705\/revisions\/2753"}],"wp:attachment":[{"href":"https:\/\/angustiasdamaturidade.com.br\/index.php?rest_route=%2Fwp%2Fv2%2Fmedia&parent=2705"}],"curies":[{"name":"wp","href":"https:\/\/api.w.org\/{rel}","templated":true}]}}