{"id":2394,"date":"2022-11-09T11:22:13","date_gmt":"2022-11-09T14:22:13","guid":{"rendered":"https:\/\/angustiasdamaturidade.com.br\/?page_id=2394"},"modified":"2022-11-09T15:35:36","modified_gmt":"2022-11-09T18:35:36","slug":"curso-da-escola-de-idosos-para-franqueados","status":"publish","type":"page","link":"https:\/\/angustiasdamaturidade.com.br\/?page_id=2394","title":{"rendered":"Curso para ser um franqueado da Escola de Idosos"},"content":{"rendered":"\t\t<div data-elementor-type=\"wp-page\" data-elementor-id=\"2394\" class=\"elementor elementor-2394\">\n\t\t\t\t<div class=\"elementor-element elementor-element-dac16b2 e-flex e-con-boxed e-con e-parent\" data-id=\"dac16b2\" data-element_type=\"container\" data-e-type=\"container\">\n\t\t\t\t\t<div class=\"e-con-inner\">\n\t\t\t\t<div class=\"elementor-element elementor-element-6cfe94a elementor-widget elementor-widget-heading\" data-id=\"6cfe94a\" data-element_type=\"widget\" data-e-type=\"widget\" data-widget_type=\"heading.default\">\n\t\t\t\t<div class=\"elementor-widget-container\">\n\t\t\t\t\t<h2 class=\"elementor-heading-title elementor-size-default\">A quem se destina<\/h2>\t\t\t\t<\/div>\n\t\t\t\t<\/div>\n\t\t\t\t\t<\/div>\n\t\t\t\t<\/div>\n\t\t<div class=\"elementor-element elementor-element-c081a39 e-flex e-con-boxed e-con e-parent\" data-id=\"c081a39\" data-element_type=\"container\" data-e-type=\"container\">\n\t\t\t\t\t<div class=\"e-con-inner\">\n\t\t\t\t<div class=\"elementor-element elementor-element-62c826b elementor-widget elementor-widget-text-editor\" data-id=\"62c826b\" data-element_type=\"widget\" data-e-type=\"widget\" data-widget_type=\"text-editor.default\">\n\t\t\t\t<div class=\"elementor-widget-container\">\n\t\t\t\t\t\t\t\t\t<p>Este curso foi desenvolvido por n\u00f3s com o objetivo de dotar profissionais, escolas, cl\u00ednicas, institui\u00e7\u00f5es, organiza\u00e7\u00f5es n\u00e3o beneficentes\u00a0\u00a0<\/p><p>Empresas, universidades e outras institui\u00e7\u00f5es que poder\u00e3o ser disseminadores do projeto e portanto beneficiar mais pessoas poder\u00e3o ter um acompanhamento especifico para que suas informa\u00e7\u00f5es possam ser \u00fateis para a Franquia como um todo.<\/p>\t\t\t\t\t\t\t\t<\/div>\n\t\t\t\t<\/div>\n\t\t\t\t\t<\/div>\n\t\t\t\t<\/div>\n\t\t<div class=\"elementor-element elementor-element-9497d81 e-flex e-con-boxed e-con e-parent\" data-id=\"9497d81\" data-element_type=\"container\" data-e-type=\"container\">\n\t\t\t\t\t<div class=\"e-con-inner\">\n\t\t\t\t<div class=\"elementor-element elementor-element-b82daf9 elementor-widget elementor-widget-text-editor\" data-id=\"b82daf9\" data-element_type=\"widget\" data-e-type=\"widget\" data-widget_type=\"text-editor.default\">\n\t\t\t\t<div class=\"elementor-widget-container\">\n\t\t\t\t\t\t\t\t\t<p>Aqui voc\u00ea ter\u00e1 todos os detalhes do Curso da Escola de Idosos para Franqueados e se restar mais alguma d\u00favida poder\u00e1 nos contatar atrav\u00e9s do formul\u00e1rio abaixo<\/p>\t\t\t\t\t\t\t\t<\/div>\n\t\t\t\t<\/div>\n\t\t\t\t\t<\/div>\n\t\t\t\t<\/div>\n\t\t<div class=\"elementor-element elementor-element-f1a6c53 e-flex e-con-boxed e-con e-parent\" data-id=\"f1a6c53\" data-element_type=\"container\" data-e-type=\"container\">\n\t\t\t\t\t<div class=\"e-con-inner\">\n\t\t\t\t<div class=\"elementor-element elementor-element-1595940 elementor-widget elementor-widget-heading\" data-id=\"1595940\" data-element_type=\"widget\" data-e-type=\"widget\" data-widget_type=\"heading.default\">\n\t\t\t\t<div class=\"elementor-widget-container\">\n\t\t\t\t\t<h2 class=\"elementor-heading-title elementor-size-default\">Inicialmente falando da Franquia<\/h2>\t\t\t\t<\/div>\n\t\t\t\t<\/div>\n\t\t\t\t\t<\/div>\n\t\t\t\t<\/div>\n\t\t<div class=\"elementor-element elementor-element-320a7af e-flex e-con-boxed e-con e-parent\" data-id=\"320a7af\" data-element_type=\"container\" data-e-type=\"container\">\n\t\t\t\t\t<div class=\"e-con-inner\">\n\t\t<div class=\"elementor-element elementor-element-9ccc288 e-flex e-con-boxed e-con e-parent\" data-id=\"9ccc288\" data-element_type=\"container\" data-e-type=\"container\">\n\t\t\t\t\t<div class=\"e-con-inner\">\n\t\t\t\t<div class=\"elementor-element elementor-element-aeec8fe elementor-widget elementor-widget-text-editor\" data-id=\"aeec8fe\" data-element_type=\"widget\" data-e-type=\"widget\" data-widget_type=\"text-editor.default\">\n\t\t\t\t<div class=\"elementor-widget-container\">\n\t\t\t\t\t\t\t\t\t<p>Franquia \u00e9 apenas um m\u00e9todo de gest\u00e3o que nos garante manter a integridade do processo no que se refere \u00e0s normas, obriga\u00e7\u00f5es, deveres, processos e procedimentos adotados durante os trabalhos da Escola de Idosos.\u00a0\u00a0<\/p><p>Temos de manter essa integra\u00e7\u00e3o entre todos para que possamos sugerir novos procedimentos, trocar id\u00e9ias, aprimorar, controlar resultados, ter an\u00e1lises e estat\u00edsticas consistentes que nos permitam adotar novas ferramentas ou procedimentos.<\/p><p>Por esse motivo temos de falar na mesma linguagem, compactuarmos com todas as etapas do processo de maneira uniforme e isso significa a possibilidade de, juntos, podermos evoluir no processo criando novas alternativas que agregue<span style=\"color: #339966;\"><em><strong> Longevidade \u00e0 Qualidade de Vida<\/strong><\/em><\/span><\/p>\t\t\t\t\t\t\t\t<\/div>\n\t\t\t\t<\/div>\n\t\t\t\t\t<\/div>\n\t\t\t\t<\/div>\n\t\t\t\t\t<\/div>\n\t\t\t\t<\/div>\n\t\t<div class=\"elementor-element elementor-element-3c6f956 e-flex e-con-boxed e-con e-parent\" data-id=\"3c6f956\" data-element_type=\"container\" data-e-type=\"container\">\n\t\t\t\t\t<div class=\"e-con-inner\">\n\t\t\t\t<div class=\"elementor-element elementor-element-d6c0653 elementor-widget elementor-widget-heading\" data-id=\"d6c0653\" data-element_type=\"widget\" data-e-type=\"widget\" data-widget_type=\"heading.default\">\n\t\t\t\t<div class=\"elementor-widget-container\">\n\t\t\t\t\t<h2 class=\"elementor-heading-title elementor-size-default\">Conte\u00fado<\/h2>\t\t\t\t<\/div>\n\t\t\t\t<\/div>\n\t\t\t\t\t<\/div>\n\t\t\t\t<\/div>\n\t\t<div class=\"elementor-element elementor-element-55fce4d e-flex e-con-boxed e-con e-parent\" data-id=\"55fce4d\" data-element_type=\"container\" data-e-type=\"container\">\n\t\t\t\t\t<div class=\"e-con-inner\">\n\t\t\t\t<div class=\"elementor-element elementor-element-3baf901 elementor-widget elementor-widget-text-editor\" data-id=\"3baf901\" data-element_type=\"widget\" data-e-type=\"widget\" data-widget_type=\"text-editor.default\">\n\t\t\t\t<div class=\"elementor-widget-container\">\n\t\t\t\t\t\t\t\t\t<p style=\"text-align: center;\"><span style=\"color: #0000ff;\">Introdu\u00e7\u00e3o ao trabalho com grupos<\/span><\/p><p style=\"text-align: center;\"><span style=\"color: #0000ff;\">Exerc\u00edcios cognitivos para o p\u00fablico idoso<\/span><\/p><p style=\"text-align: center;\"><span style=\"color: #0000ff;\">Qualidade de Vida x Longevidade\u00a0<\/span><\/p><p style=\"text-align: center;\"><span style=\"color: #0000ff;\">Ferramenta pr\u00e1tica da Organiza\u00e7\u00e3o Mundial de Sa\u00fade (Whoqol-bref) para an\u00e1lise da percep\u00e7\u00e3o individual sobre Qualidade de Vida<\/span><\/p><p style=\"text-align: center;\"><span style=\"color: #0000ff;\">Inteligencia Emocional<\/span><\/p><p style=\"text-align: center;\"><span style=\"color: #0000ff;\">Como coordenar e estimular o trabalho com grupos usando m\u00e9todos da psican\u00e1lise e outros<\/span><\/p><p style=\"text-align: center;\"><span style=\"color: #0000ff;\">O ambiente da escola, estimuladores e an\u00e1lise das percep\u00e7\u00f5es na \u00f3tica do participante<\/span><\/p><p style=\"text-align: center;\"><span style=\"color: #0000ff;\">An\u00e1lise dos resultados na \u00f3tica do coordenador do grupo<\/span><\/p><p style=\"text-align: center;\"><span style=\"color: #0000ff;\">Registrando resultados das din\u00e2micas<\/span><\/p><p style=\"text-align: center;\"><span style=\"color: #0000ff;\">Reuni\u00f5es de discuss\u00e3o e alinhamento<\/span><\/p><p style=\"text-align: center;\"><span style=\"color: #0000ff;\">As etapas do processo ter\u00e3o din\u00e2micas que permitam que o futuro respons\u00e1vel pela sua Escola de Idosos possa entender os detalhes e perceber como s\u00e3o obtidos os resultados em termos de Qualidade de Vida e Longevidade.<\/span><\/p>\t\t\t\t\t\t\t\t<\/div>\n\t\t\t\t<\/div>\n\t\t\t\t\t<\/div>\n\t\t\t\t<\/div>\n\t\t<div class=\"elementor-element elementor-element-8388f54 e-flex e-con-boxed e-con e-parent\" data-id=\"8388f54\" data-element_type=\"container\" data-e-type=\"container\">\n\t\t\t\t\t<div class=\"e-con-inner\">\n\t\t\t\t<div class=\"elementor-element elementor-element-515e1f5 elementor-widget elementor-widget-heading\" data-id=\"515e1f5\" data-element_type=\"widget\" data-e-type=\"widget\" data-widget_type=\"heading.default\">\n\t\t\t\t<div class=\"elementor-widget-container\">\n\t\t\t\t\t<h2 class=\"elementor-heading-title elementor-size-default\">Investimentos<\/h2>\t\t\t\t<\/div>\n\t\t\t\t<\/div>\n\t\t\t\t\t<\/div>\n\t\t\t\t<\/div>\n\t\t<div class=\"elementor-element elementor-element-483afe5 e-flex e-con-boxed e-con e-parent\" data-id=\"483afe5\" data-element_type=\"container\" data-e-type=\"container\">\n\t\t\t\t\t<div class=\"e-con-inner\">\n\t\t\t\t<div class=\"elementor-element elementor-element-8aed52f elementor-widget elementor-widget-text-editor\" data-id=\"8aed52f\" data-element_type=\"widget\" data-e-type=\"widget\" data-widget_type=\"text-editor.default\">\n\t\t\t\t<div class=\"elementor-widget-container\">\n\t\t\t\t\t\t\t\t\t<p style=\"text-align: center;\"><span style=\"color: #0000ff;\">Taxa de Franquia<\/span><\/p><p><span style=\"color: #000000;\">Nessa fase do nosso projeto e por se tratar de um benef\u00edcio para a popula\u00e7\u00e3o idosa e por consequ\u00eancia para os mais novos que ser\u00e3o velhos e que lidam ou cuidam de algu\u00e9m estamos definindo um valor promocional que ser\u00e1 por um per\u00edodo pr\u00e9-determinado de 3 meses.<\/span><\/p><p>Esse valor de ades\u00e3o \u00e9 de R$<\/p>\t\t\t\t\t\t\t\t<\/div>\n\t\t\t\t<\/div>\n\t\t\t\t\t<\/div>\n\t\t\t\t<\/div>\n\t\t<div class=\"elementor-element elementor-element-20b22a1 e-flex e-con-boxed e-con e-parent\" data-id=\"20b22a1\" data-element_type=\"container\" data-e-type=\"container\">\n\t\t\t\t\t<div class=\"e-con-inner\">\n\t\t\t\t<div class=\"elementor-element elementor-element-c6e15c2 elementor-widget elementor-widget-text-editor\" data-id=\"c6e15c2\" data-element_type=\"widget\" data-e-type=\"widget\" data-widget_type=\"text-editor.default\">\n\t\t\t\t<div class=\"elementor-widget-container\">\n\t\t\t\t\t\t\t\t\t<p style=\"text-align: center;\"><strong>Curso para ser franqueado da Escola de Idosos<\/strong><\/p><p><span style=\"color: #000000;\">Este curso \u00e9 ministrado online ou presencial a depender da disponibilidade e dist\u00e2ncia dos envolvidos. L<\/span><\/p><p><span style=\"color: #000000;\">O valor do curso \u00e9 de R$<\/span><\/p>\t\t\t\t\t\t\t\t<\/div>\n\t\t\t\t<\/div>\n\t\t\t\t\t<\/div>\n\t\t\t\t<\/div>\n\t\t<div class=\"elementor-element elementor-element-05d0489 e-flex e-con-boxed e-con e-parent\" data-id=\"05d0489\" data-element_type=\"container\" data-e-type=\"container\">\n\t\t\t\t\t<div class=\"e-con-inner\">\n\t\t\t\t<div class=\"elementor-element elementor-element-7509f2d elementor-widget elementor-widget-text-editor\" data-id=\"7509f2d\" data-element_type=\"widget\" data-e-type=\"widget\" data-widget_type=\"text-editor.default\">\n\t\t\t\t<div class=\"elementor-widget-container\">\n\t\t\t\t\t\t\t\t\t<p style=\"text-align: center;\"><strong><span style=\"color: #ff0000;\">Royalties<\/span><\/strong><\/p><p>Uma franquia para ser bem administrada e garantir que os resultados estejam de acordo com os objetivos propostos deve ter um padr\u00e3o de trabalho. Para que isso aconte\u00e7a a Franqueadora deve ter implementado sistemas para cadastro de todos os participantes das diversas franquias, pessoal de pesquisa para atualizar os procedimentos das din\u00e2micas de grupo e um processo de divulga\u00e7\u00e3o da marca e ades\u00e3o de novos participantes.<\/p><p>Cabe lembrar que novos participantes dos grupos ser\u00e3o direcionados pela Franqueadora,\u00a0 que receber\u00e1 as solicita\u00e7\u00f5es de participa\u00e7\u00e3o do idoso, para o Franqueado que tiver disponibilidade ou estiver em uma regi\u00e3o de melhor acesso para o idoso.<\/p><p>O valor correspondente aos Royalties ser\u00e1 de R$<\/p>\t\t\t\t\t\t\t\t<\/div>\n\t\t\t\t<\/div>\n\t\t\t\t\t<\/div>\n\t\t\t\t<\/div>\n\t\t<div class=\"elementor-element elementor-element-b5af254 e-flex e-con-boxed e-con e-parent\" data-id=\"b5af254\" data-element_type=\"container\" data-e-type=\"container\">\n\t\t\t\t\t<div class=\"e-con-inner\">\n\t\t\t\t<div class=\"elementor-element elementor-element-1ac882b elementor-widget elementor-widget-text-editor\" data-id=\"1ac882b\" data-element_type=\"widget\" data-e-type=\"widget\" data-widget_type=\"text-editor.default\">\n\t\t\t\t<div class=\"elementor-widget-container\">\n\t\t\t\t\t\t\t\t\t<p style=\"text-align: center;\"><strong><span style=\"color: #ff0000;\">O Franqueado pode formar seu grupo?<\/span><\/strong><\/p><p>Esta \u00e9 uma d\u00favida comum pois muitos franqueados j\u00e1 possuem interessados em participar desses grupos ou tem facilidade em atrair novos participantes.\u00a0<\/p><p>A resposta \u00e9 <span style=\"color: #ff0000;\">SIM <\/span>o franqueado pode montar seu grupo ou incluir futuros participantes no sistema mas este dever\u00e1 se cadastrar na Escola de Idosos e realizar os testes de avalia\u00e7\u00e3o<\/p>\t\t\t\t\t\t\t\t<\/div>\n\t\t\t\t<\/div>\n\t\t\t\t\t<\/div>\n\t\t\t\t<\/div>\n\t\t<div class=\"elementor-element elementor-element-fc7f45c e-flex e-con-boxed e-con e-parent\" data-id=\"fc7f45c\" data-element_type=\"container\" data-e-type=\"container\">\n\t\t\t\t\t<div class=\"e-con-inner\">\n\t\t\t\t<div class=\"elementor-element elementor-element-e9412af elementor-widget elementor-widget-text-editor\" data-id=\"e9412af\" data-element_type=\"widget\" data-e-type=\"widget\" data-widget_type=\"text-editor.default\">\n\t\t\t\t<div class=\"elementor-widget-container\">\n\t\t\t\t\t\t\t\t\t<p style=\"text-align: center;\"><strong><span style=\"color: #ff0000;\">Valor de participa\u00e7\u00e3o do aluno<\/span><\/strong><\/p><p>\u00c9 claro que haver\u00e1 um investimento por parte do aluno idoso e este dever\u00e1 ser definido pela Franqueadora pois dever\u00e1 existir um padr\u00e3o. Exce\u00e7\u00f5es poder\u00e3o acontecer e caber\u00e1 \u00e0 <strong><span style=\"color: #ff0000;\">Franqueadora<\/span><\/strong> avaliar as situa\u00e7\u00f5es.<\/p><p>Quais seriam?<\/p><p>Lar de idosos<\/p><p>Organiza\u00e7\u00f5es n\u00e3o governamentais<\/p><p>Universidades<\/p><p>Empresas que tenham por objetivo implementar como suporte ao idoso e futura aposentadoria<\/p><p>Etc&#8230;<\/p><p>Todas estas situa\u00e7\u00f5es ser\u00e3o avaliadas pela <strong><span style=\"color: #ff0000;\">Franqueadora<\/span><\/strong> de forma a implementar um processo justo e ben\u00e9fico a todos os interessados.<\/p><p>O valor inicial de participa\u00e7\u00e3o da Escola de Idosos ser\u00e1 de R$&#8230;.<\/p><p style=\"text-align: center;\"><strong><span style=\"color: #ff0000;\">A Franqueadora ser\u00e1 uma Franqueada<\/span> <\/strong><\/p><p>Esta \u00e9 uma forma de poder participar e melhorar a percep\u00e7\u00e3o sobre os temas e procedimentos adotados.<\/p>\t\t\t\t\t\t\t\t<\/div>\n\t\t\t\t<\/div>\n\t\t\t\t\t<\/div>\n\t\t\t\t<\/div>\n\t\t<div class=\"elementor-element elementor-element-b681fbf e-flex e-con-boxed e-con e-parent\" data-id=\"b681fbf\" data-element_type=\"container\" data-e-type=\"container\">\n\t\t\t\t\t<div class=\"e-con-inner\">\n\t\t\t\t<div class=\"elementor-element elementor-element-e54834f elementor-widget elementor-widget-text-editor\" data-id=\"e54834f\" data-element_type=\"widget\" data-e-type=\"widget\" data-widget_type=\"text-editor.default\">\n\t\t\t\t<div class=\"elementor-widget-container\">\n\t\t\t\t\t\t\t\t\t<p style=\"text-align: center;\"><strong><span style=\"color: #ff0000;\">Da Tecnologia<\/span><\/strong><\/p><p>Nos tempos atuais \u00e9 fundamental que tenhamos a tecnologia como instrumento necess\u00e1rio \u00e0 dissemina\u00e7\u00e3o da oportunidade que estamos fornecendo aos idosos. Entretanto, para comunidades mais distantes, que tenham dificuldade de utilizar a tecnologia dos grandes centros temos o compromisso de buscar formas de participa\u00e7\u00e3o independente da\u00a0 tecnologia existente. Esta ser\u00e1 uma an\u00e1lise caso a caso.<\/p>\t\t\t\t\t\t\t\t<\/div>\n\t\t\t\t<\/div>\n\t\t\t\t\t<\/div>\n\t\t\t\t<\/div>\n\t\t<div class=\"elementor-element elementor-element-31d6a4d e-flex e-con-boxed e-con e-parent\" data-id=\"31d6a4d\" data-element_type=\"container\" data-e-type=\"container\">\n\t\t\t\t\t<div class=\"e-con-inner\">\n\t\t\t\t<div class=\"elementor-element elementor-element-0c72e5d elementor-widget elementor-widget-text-editor\" data-id=\"0c72e5d\" data-element_type=\"widget\" data-e-type=\"widget\" data-widget_type=\"text-editor.default\">\n\t\t\t\t<div class=\"elementor-widget-container\">\n\t\t\t\t\t\t\t\t\t<p style=\"text-align: center;\"><strong><span style=\"color: #ff0000;\">Pesquisa Cientifica<\/span><\/strong><\/p><p>O processo foi formado com base na nossa experi\u00eancia como administrador de empresas, psicanalista e estudioso da gerontologia.\u00a0<\/p><p>Dessa forma apuramos diversas ferramentas da gerontologia, da Organiza\u00e7\u00e3o Mundial de Sa\u00fade, da psican\u00e1lise, Intelig\u00eancia Emocional\u00a0 \u00a0e outras criadas por n\u00f3s nos permitindo criar um ambiente de pesquisa de novas alternativas a serem dadas ao idoso.<\/p><p>Todos os trabalhos que considerarmos fundamentais ser\u00e3o acompanhados atrav\u00e9s dos nossos sistemas bem como pelos respons\u00e1veis pela valida\u00e7\u00e3o te\u00f3rico\/pr\u00e1tica.<\/p><p>Os participantes ser\u00e3o avaliados atrav\u00e9s de question\u00e1rios ou de medidores de performance para que possamos avaliar a evolu\u00e7\u00e3o da <strong><span style=\"color: #ff0000;\">Qualidade de Vida<\/span><\/strong> frente \u00e0 <strong><span style=\"color: #ff0000;\">Longevidade<\/span><\/strong>.<\/p><p>Haver\u00e1 uma avalia\u00e7\u00e3o inicial e outras no decorrer do processo de maneira a validar e alterar alternativas propostas.<\/p>\t\t\t\t\t\t\t\t<\/div>\n\t\t\t\t<\/div>\n\t\t\t\t\t<\/div>\n\t\t\t\t<\/div>\n\t\t<div class=\"elementor-element elementor-element-5911d78 e-flex e-con-boxed e-con e-parent\" data-id=\"5911d78\" data-element_type=\"container\" data-e-type=\"container\">\n\t\t\t\t\t<div class=\"e-con-inner\">\n\t\t\t\t<div class=\"elementor-element elementor-element-a04da90 elementor-widget elementor-widget-text-editor\" data-id=\"a04da90\" data-element_type=\"widget\" data-e-type=\"widget\" data-widget_type=\"text-editor.default\">\n\t\t\t\t<div class=\"elementor-widget-container\">\n\t\t\t\t\t\t\t\t\t<p style=\"text-align: center;\"><span style=\"text-decoration: underline;\"><strong>Ficou com d\u00favida?<\/strong><\/span><\/p>\t\t\t\t\t\t\t\t<\/div>\n\t\t\t\t<\/div>\n\t\t\t\t\t<\/div>\n\t\t\t\t<\/div>\n\t\t<div class=\"elementor-element elementor-element-bc598c5 e-flex e-con-boxed e-con e-parent\" data-id=\"bc598c5\" data-element_type=\"container\" data-e-type=\"container\">\n\t\t\t\t\t<div class=\"e-con-inner\">\n\t\t\t\t<div class=\"elementor-element elementor-element-5bdb45f elementor-widget elementor-widget-form\" data-id=\"5bdb45f\" data-element_type=\"widget\" data-e-type=\"widget\" data-widget_type=\"form.default\">\n\t\t\t\t<div class=\"elementor-widget-container\">\n\t\t\t\t\t \t\t\t\t<\/div>\n\t\t\t\t<\/div>\n\t\t\t\t\t<\/div>\n\t\t\t\t<\/div>\n\t\t<div class=\"elementor-element elementor-element-4fe720b e-flex e-con-boxed e-con e-parent\" data-id=\"4fe720b\" data-element_type=\"container\" data-e-type=\"container\">\n\t\t\t\t\t<div class=\"e-con-inner\">\n\t\t\t\t<div class=\"elementor-element elementor-element-65ed2db elementor-widget elementor-widget-heading\" data-id=\"65ed2db\" data-element_type=\"widget\" data-e-type=\"widget\" data-widget_type=\"heading.default\">\n\t\t\t\t<div class=\"elementor-widget-container\">\n\t\t\t\t\t<h2 class=\"elementor-heading-title elementor-size-default\">Ficou interessado?<\/h2>\t\t\t\t<\/div>\n\t\t\t\t<\/div>\n\t\t\t\t\t<\/div>\n\t\t\t\t<\/div>\n\t\t<div class=\"elementor-element elementor-element-44c571c e-flex e-con-boxed e-con e-parent\" data-id=\"44c571c\" data-element_type=\"container\" data-e-type=\"container\">\n\t\t\t\t\t<div class=\"e-con-inner\">\n\t\t\t\t<div class=\"elementor-element elementor-element-6fd8ad4 elementor-widget elementor-widget-text-editor\" data-id=\"6fd8ad4\" data-element_type=\"widget\" data-e-type=\"widget\" data-widget_type=\"text-editor.default\">\n\t\t\t\t<div class=\"elementor-widget-container\">\n\t\t\t\t\t\t\t\t\t<p>A partir de agora voc\u00ea poder\u00e1 entrar na \u00e1rea de interessados clicando nesse link abaixo<\/p><p><a href=\"http:\/\/www.escoladoidoso.com.br\">escoladoidoso.com.br<\/a><\/p>\t\t\t\t\t\t\t\t<\/div>\n\t\t\t\t<\/div>\n\t\t\t\t\t<\/div>\n\t\t\t\t<\/div>\n\t\t\t\t<\/div>\n\t\t","protected":false},"excerpt":{"rendered":"<p>A quem se destina Este curso foi desenvolvido por n\u00f3s com o objetivo de dotar profissionais, escolas, cl\u00ednicas, institui\u00e7\u00f5es, organiza\u00e7\u00f5es n\u00e3o beneficentes\u00a0\u00a0 Empresas, universidades e outras institui\u00e7\u00f5es que poder\u00e3o ser disseminadores do projeto e portanto beneficiar mais pessoas poder\u00e3o ter um acompanhamento especifico para que suas informa\u00e7\u00f5es possam ser \u00fateis para a Franquia como um &hellip; <\/p>\n<p class=\"link-more\"><a href=\"https:\/\/angustiasdamaturidade.com.br\/?page_id=2394\" class=\"more-link\">Continue lendo<span class=\"screen-reader-text\"> &#8220;Curso para ser um franqueado da Escola de Idosos&#8221;<\/span><\/a><\/p>\n","protected":false},"author":1,"featured_media":0,"parent":0,"menu_order":0,"comment_status":"closed","ping_status":"closed","template":"","meta":{"footnotes":""},"class_list":["post-2394","page","type-page","status-publish","hentry"],"_links":{"self":[{"href":"https:\/\/angustiasdamaturidade.com.br\/index.php?rest_route=\/wp\/v2\/pages\/2394","targetHints":{"allow":["GET"]}}],"collection":[{"href":"https:\/\/angustiasdamaturidade.com.br\/index.php?rest_route=\/wp\/v2\/pages"}],"about":[{"href":"https:\/\/angustiasdamaturidade.com.br\/index.php?rest_route=\/wp\/v2\/types\/page"}],"author":[{"embeddable":true,"href":"https:\/\/angustiasdamaturidade.com.br\/index.php?rest_route=\/wp\/v2\/users\/1"}],"replies":[{"embeddable":true,"href":"https:\/\/angustiasdamaturidade.com.br\/index.php?rest_route=%2Fwp%2Fv2%2Fcomments&post=2394"}],"version-history":[{"count":191,"href":"https:\/\/angustiasdamaturidade.com.br\/index.php?rest_route=\/wp\/v2\/pages\/2394\/revisions"}],"predecessor-version":[{"id":2612,"href":"https:\/\/angustiasdamaturidade.com.br\/index.php?rest_route=\/wp\/v2\/pages\/2394\/revisions\/2612"}],"wp:attachment":[{"href":"https:\/\/angustiasdamaturidade.com.br\/index.php?rest_route=%2Fwp%2Fv2%2Fmedia&parent=2394"}],"curies":[{"name":"wp","href":"https:\/\/api.w.org\/{rel}","templated":true}]}}