{"id":1250,"date":"2021-03-25T16:16:34","date_gmt":"2021-03-25T19:16:34","guid":{"rendered":"https:\/\/angustiasdamaturidade.com.br\/?page_id=1250"},"modified":"2025-10-08T11:37:28","modified_gmt":"2025-10-08T14:37:28","slug":"inteligencia-emocional","status":"publish","type":"page","link":"https:\/\/angustiasdamaturidade.com.br\/?page_id=1250","title":{"rendered":"Intelig\u00eancia Emocional (Teste)"},"content":{"rendered":"\t\t<div data-elementor-type=\"wp-page\" data-elementor-id=\"1250\" class=\"elementor elementor-1250\">\n\t\t\t\t<div class=\"elementor-element elementor-element-0c26fdb e-flex e-con-boxed e-con e-parent\" data-id=\"0c26fdb\" data-element_type=\"container\" data-e-type=\"container\">\n\t\t\t\t\t<div class=\"e-con-inner\">\n\t\t\t\t<div class=\"elementor-element elementor-element-0588f58 elementor-widget elementor-widget-text-editor\" data-id=\"0588f58\" data-element_type=\"widget\" data-e-type=\"widget\" data-widget_type=\"text-editor.default\">\n\t\t\t\t<div class=\"elementor-widget-container\">\n\t\t\t\t\t\t\t\t\t<p>Vamos falar, de forma resumida, um pouco sobre os componentes da Intelig\u00eancia Emocional, que extra\u00edmos do livro Intelig\u00eancia Emocional no Trabalho, escrito por Hendrie Weisinger, PhD.<\/p><p>O autor considera que s\u00e3o 4 elementos, que agem como componentes do DNA que, quando alimentados pela experi\u00eancia permitem desenvolver aptid\u00f5es espec\u00edficas que formam a IE.\u00a0 Portanto, diferente do DNA biol\u00f3gico os componentes da Intelig\u00eancia Emocional podem ser desenvolvidos para que possa expandir de maneira significativa. Esses componentes s\u00e3o os seguintes:<\/p><p>Perceber, avaliar e expressar corretamente uma emo\u00e7\u00e3o<\/p><p>A capacidade de gerar ou ter acesso a sentimentos<\/p><p>A capacidade de compreender as emo\u00e7\u00f5es e o conhecimento derivado delas<\/p><p>A capacidade de controlar as pr\u00f3prias emo\u00e7\u00f5es para promover o crescimento emocional e intelectual<\/p>\t\t\t\t\t\t\t\t<\/div>\n\t\t\t\t<\/div>\n\t\t\t\t\t<\/div>\n\t\t\t\t<\/div>\n\t\t\t\t<section class=\"elementor-section elementor-top-section elementor-element elementor-element-5efb206 elementor-section-boxed elementor-section-height-default elementor-section-height-default\" data-id=\"5efb206\" data-element_type=\"section\" data-e-type=\"section\">\n\t\t\t\t\t\t<div class=\"elementor-container elementor-column-gap-default\">\n\t\t\t\t\t<div class=\"elementor-column elementor-col-100 elementor-top-column elementor-element elementor-element-d6ee160\" data-id=\"d6ee160\" data-element_type=\"column\" data-e-type=\"column\">\n\t\t\t<div class=\"elementor-widget-wrap elementor-element-populated\">\n\t\t\t\t\t\t<div class=\"elementor-element elementor-element-55285fb elementor-widget elementor-widget-heading\" data-id=\"55285fb\" data-element_type=\"widget\" data-e-type=\"widget\" data-widget_type=\"heading.default\">\n\t\t\t\t<div class=\"elementor-widget-container\">\n\t\t\t\t\t<h2 class=\"elementor-heading-title elementor-size-default\">Fa\u00e7a seu teste de Intelig\u00eancia Emocional na Maturidade<\/h2>\t\t\t\t<\/div>\n\t\t\t\t<\/div>\n\t\t\t\t\t<\/div>\n\t\t<\/div>\n\t\t\t\t\t<\/div>\n\t\t<\/section>\n\t\t<div class=\"elementor-element elementor-element-1505e43 e-flex e-con-boxed e-con e-parent\" data-id=\"1505e43\" data-element_type=\"container\" data-e-type=\"container\">\n\t\t\t\t\t<div class=\"e-con-inner\">\n\t\t\t\t<div class=\"elementor-element elementor-element-031518e elementor-widget elementor-widget-text-editor\" data-id=\"031518e\" data-element_type=\"widget\" data-e-type=\"widget\" data-widget_type=\"text-editor.default\">\n\t\t\t\t<div class=\"elementor-widget-container\">\n\t\t\t\t\t\t\t\t\t<p>Voc\u00ea est\u00e1 realizando alguns testes que nos mostrar\u00e3o como est\u00e1 o seu Estilo de Vida e como est\u00e1 aderente \u00e0 busca de Qualidade de Vida. Esse trabalho complementa de forma natural entretanto n\u00e3o deve ser encarado como um substitutivo das recomenda\u00e7\u00f5es m\u00e9dicas. Discuta com seu m\u00e9dico antes de qualquer altera\u00e7\u00e3o nas recomenda\u00e7\u00f5es m\u00e9dicas.<\/p>\t\t\t\t\t\t\t\t<\/div>\n\t\t\t\t<\/div>\n\t\t\t\t\t<\/div>\n\t\t\t\t<\/div>\n\t\t<div class=\"elementor-element elementor-element-5861d29 e-flex e-con-boxed e-con e-parent\" data-id=\"5861d29\" data-element_type=\"container\" data-e-type=\"container\">\n\t\t\t\t\t<div class=\"e-con-inner\">\n\t\t\t\t<div class=\"elementor-element elementor-element-7d71712 elementor-widget elementor-widget-html\" data-id=\"7d71712\" data-element_type=\"widget\" data-e-type=\"widget\" data-widget_type=\"html.default\">\n\t\t\t\t<div class=\"elementor-widget-container\">\n\t\t\t\t\t<script>(function(t,e,s,n){var o,a,c;t.SMCX=t.SMCX||[],e.getElementById(n)||(o=e.getElementsByTagName(s),a=o[o.length-1],c=e.createElement(s),c.type=\"text\/javascript\",c.async=!0,c.id=n,c.src=\"https:\/\/widget.surveymonkey.com\/collect\/website\/js\/tRaiETqnLgj758hTBazgdxw7FI8L_2FcLBXat8K3i4CN1YTQdWlaxX6sM8O3FWzjzZ.js\",a.parentNode.insertBefore(c,a))})(window,document,\"script\",\"smcx-sdk\");<\/script><a style=\"font: 12px Helvetica, sans-serif; color: #999; text-decoration: none;\" href=pt.surveymonkey.com> Crie seu pr\u00f3prio question\u00e1rio de feedback de usu\u00e1rio <\/a>\t\t\t\t<\/div>\n\t\t\t\t<\/div>\n\t\t\t\t\t<\/div>\n\t\t\t\t<\/div>\n\t\t\t\t<\/div>\n\t\t","protected":false},"excerpt":{"rendered":"<p>Vamos falar, de forma resumida, um pouco sobre os componentes da Intelig\u00eancia Emocional, que extra\u00edmos do livro Intelig\u00eancia Emocional no Trabalho, escrito por Hendrie Weisinger, PhD. O autor considera que s\u00e3o 4 elementos, que agem como componentes do DNA que, quando alimentados pela experi\u00eancia permitem desenvolver aptid\u00f5es espec\u00edficas que formam a IE.\u00a0 Portanto, diferente do &hellip; <\/p>\n<p class=\"link-more\"><a href=\"https:\/\/angustiasdamaturidade.com.br\/?page_id=1250\" class=\"more-link\">Continue lendo<span class=\"screen-reader-text\"> &#8220;Intelig\u00eancia Emocional (Teste)&#8221;<\/span><\/a><\/p>\n","protected":false},"author":1,"featured_media":0,"parent":0,"menu_order":0,"comment_status":"closed","ping_status":"closed","template":"","meta":{"footnotes":""},"class_list":["post-1250","page","type-page","status-publish","hentry"],"_links":{"self":[{"href":"https:\/\/angustiasdamaturidade.com.br\/index.php?rest_route=\/wp\/v2\/pages\/1250","targetHints":{"allow":["GET"]}}],"collection":[{"href":"https:\/\/angustiasdamaturidade.com.br\/index.php?rest_route=\/wp\/v2\/pages"}],"about":[{"href":"https:\/\/angustiasdamaturidade.com.br\/index.php?rest_route=\/wp\/v2\/types\/page"}],"author":[{"embeddable":true,"href":"https:\/\/angustiasdamaturidade.com.br\/index.php?rest_route=\/wp\/v2\/users\/1"}],"replies":[{"embeddable":true,"href":"https:\/\/angustiasdamaturidade.com.br\/index.php?rest_route=%2Fwp%2Fv2%2Fcomments&post=1250"}],"version-history":[{"count":62,"href":"https:\/\/angustiasdamaturidade.com.br\/index.php?rest_route=\/wp\/v2\/pages\/1250\/revisions"}],"predecessor-version":[{"id":3339,"href":"https:\/\/angustiasdamaturidade.com.br\/index.php?rest_route=\/wp\/v2\/pages\/1250\/revisions\/3339"}],"wp:attachment":[{"href":"https:\/\/angustiasdamaturidade.com.br\/index.php?rest_route=%2Fwp%2Fv2%2Fmedia&parent=1250"}],"curies":[{"name":"wp","href":"https:\/\/api.w.org\/{rel}","templated":true}]}}